{"id":96,"date":"2026-02-02T14:52:18","date_gmt":"2026-02-02T14:52:18","guid":{"rendered":"https:\/\/asgougeon.com\/?page_id=96"},"modified":"2026-02-27T15:53:06","modified_gmt":"2026-02-27T15:53:06","slug":"coaching-dequipe","status":"publish","type":"page","link":"https:\/\/asgougeon.com\/index.php\/coaching-dequipe\/","title":{"rendered":"Performance collective"},"content":{"rendered":"\t\t<div data-elementor-type=\"wp-page\" data-elementor-id=\"96\" class=\"elementor elementor-96\" data-elementor-post-type=\"page\">\n\t\t\t\t<div class=\"elementor-element elementor-element-39fed5a e-flex e-con-boxed e-con e-parent\" data-id=\"39fed5a\" data-element_type=\"container\" data-e-type=\"container\">\n\t\t\t\t\t<div class=\"e-con-inner\">\n\t\t<div class=\"elementor-element elementor-element-936c04b e-con-full e-flex e-con e-child\" data-id=\"936c04b\" data-element_type=\"container\" data-e-type=\"container\">\n\t\t\t\t<div class=\"elementor-element elementor-element-4939923 elementor-widget elementor-widget-heading\" data-id=\"4939923\" data-element_type=\"widget\" data-e-type=\"widget\" data-widget_type=\"heading.default\">\n\t\t\t\t\t<h1 class=\"elementor-heading-title elementor-size-default\">PERFORMANCE COLLECTIVE<\/h1>\t\t\t\t<\/div>\n\t\t\t\t<\/div>\n\t\t<div class=\"elementor-element elementor-element-1c05656 e-con-full elementor-hidden-tablet elementor-hidden-mobile e-flex e-con e-child\" data-id=\"1c05656\" data-element_type=\"container\" data-e-type=\"container\">\n\t\t\t\t<\/div>\n\t\t<div class=\"elementor-element elementor-element-a83452f e-con-full e-flex e-con e-child\" data-id=\"a83452f\" data-element_type=\"container\" data-e-type=\"container\">\n\t\t\t\t<div class=\"elementor-element elementor-element-fb6d531 elementor-widget elementor-widget-text-editor\" data-id=\"fb6d531\" data-element_type=\"widget\" data-e-type=\"widget\" data-widget_type=\"text-editor.default\">\n\t\t\t\t\t\t\t\t\t<p><span style=\"font-size: 15pt; font-family: 'Times New Roman', serif; color: #000000; background-color: transparent; font-style: italic; font-variant-numeric: normal; font-variant-east-asian: normal; font-variant-alternates: normal; font-variant-position: normal; font-variant-emoji: normal; vertical-align: baseline; white-space-collapse: preserve;\">\u00ab <\/span>La grandeur d\u2019un m\u00e9tier est peut-\u00eatre avant tout d\u2019unir les hommes. <span id=\"docs-internal-guid-ebbb93fb-7fff-4fea-393f-aa76ddf86921\"><span style=\"font-size: 15pt; font-family: 'Times New Roman', serif; color: #000000; background-color: transparent; font-style: italic; font-variant-numeric: normal; font-variant-east-asian: normal; font-variant-alternates: normal; font-variant-position: normal; font-variant-emoji: normal; vertical-align: baseline; white-space-collapse: preserve;\">\u00bb<\/span>\u00a0<\/span><\/p><p>Antoine de St Exup\u00e9ry<\/p>\t\t\t\t\t\t\t\t<\/div>\n\t\t\t\t<\/div>\n\t\t\t\t\t<\/div>\n\t\t\t\t<\/div>\n\t\t<div class=\"elementor-element elementor-element-14d7af5 e-flex e-con-boxed e-con e-parent\" data-id=\"14d7af5\" data-element_type=\"container\" data-e-type=\"container\" data-settings=\"{&quot;background_background&quot;:&quot;classic&quot;}\">\n\t\t\t\t\t<div class=\"e-con-inner\">\n\t\t<div class=\"elementor-element elementor-element-544b710 e-con-full e-flex e-con e-child\" data-id=\"544b710\" data-element_type=\"container\" data-e-type=\"container\">\n\t\t\t\t<div class=\"elementor-element elementor-element-518d59e elementor-widget elementor-widget-heading\" data-id=\"518d59e\" data-element_type=\"widget\" data-e-type=\"widget\" data-widget_type=\"heading.default\">\n\t\t\t\t\t<h2 class=\"elementor-heading-title elementor-size-default\">Team Building &amp; Accompagnement d'\u00c9quipes<\/h2>\t\t\t\t<\/div>\n\t\t\t\t<div class=\"elementor-element elementor-element-eb22cde elementor-widget elementor-widget-text-editor\" data-id=\"eb22cde\" data-element_type=\"widget\" data-e-type=\"widget\" data-widget_type=\"text-editor.default\">\n\t\t\t\t\t\t\t\t\t<p style=\"text-align: center;\">Votre \u00e9quipe a les comp\u00e9tences, mais la coop\u00e9ration ne fonctionne pas comme elle devrait ? Les projets avancent moins vite que pr\u00e9vu \u00e0 cause de tensions ou de d\u00e9salignements ?<\/p>\t\t\t\t\t\t\t\t<\/div>\n\t\t\t\t<\/div>\n\t\t<div class=\"elementor-element elementor-element-063ee68 e-con-full elementor-hidden-tablet elementor-hidden-mobile e-flex e-con e-child\" data-id=\"063ee68\" data-element_type=\"container\" data-e-type=\"container\">\n\t\t\t\t<div class=\"elementor-element elementor-element-7c9b79b elementor-widget elementor-widget-image\" data-id=\"7c9b79b\" data-element_type=\"widget\" data-e-type=\"widget\" data-widget_type=\"image.default\">\n\t\t\t\t\t\t\t\t\t\t\t\t\t\t\t<img fetchpriority=\"high\" decoding=\"async\" width=\"800\" height=\"450\" src=\"https:\/\/asgougeon.com\/wp-content\/uploads\/2026\/02\/Coaching-equipe-1024x576.jpg\" class=\"attachment-large size-large wp-image-194\" alt=\"\" srcset=\"https:\/\/asgougeon.com\/wp-content\/uploads\/2026\/02\/Coaching-equipe-1024x576.jpg 1024w, https:\/\/asgougeon.com\/wp-content\/uploads\/2026\/02\/Coaching-equipe-300x169.jpg 300w, https:\/\/asgougeon.com\/wp-content\/uploads\/2026\/02\/Coaching-equipe-768x432.jpg 768w, https:\/\/asgougeon.com\/wp-content\/uploads\/2026\/02\/Coaching-equipe-1536x864.jpg 1536w, https:\/\/asgougeon.com\/wp-content\/uploads\/2026\/02\/Coaching-equipe.jpg 1920w\" sizes=\"(max-width: 800px) 100vw, 800px\" \/>\t\t\t\t\t\t\t\t\t\t\t\t\t\t\t<\/div>\n\t\t\t\t<\/div>\n\t\t\t\t\t<\/div>\n\t\t\t\t<\/div>\n\t\t<div class=\"elementor-element elementor-element-743854d e-flex e-con-boxed e-con e-parent\" data-id=\"743854d\" data-element_type=\"container\" data-e-type=\"container\" data-settings=\"{&quot;background_background&quot;:&quot;classic&quot;}\">\n\t\t\t\t\t<div class=\"e-con-inner\">\n\t\t<div class=\"elementor-element elementor-element-1a3329f e-con-full e-flex e-con e-child\" data-id=\"1a3329f\" data-element_type=\"container\" data-e-type=\"container\">\n\t\t\t\t<div class=\"elementor-element elementor-element-c3719f0 elementor-widget elementor-widget-heading\" data-id=\"c3719f0\" data-element_type=\"widget\" data-e-type=\"widget\" data-widget_type=\"heading.default\">\n\t\t\t\t\t<h2 class=\"elementor-heading-title elementor-size-default\">Mes interventions\n<\/h2>\t\t\t\t<\/div>\n\t\t\t\t<\/div>\n\t\t<div class=\"elementor-element elementor-element-60aad01 e-con-full e-flex e-con e-child\" data-id=\"60aad01\" data-element_type=\"container\" data-e-type=\"container\">\n\t\t<div class=\"elementor-element elementor-element-d48cb95 e-con-full e-flex e-con e-child\" data-id=\"d48cb95\" data-element_type=\"container\" data-e-type=\"container\">\n\t\t\t\t<div class=\"elementor-element elementor-element-841b5c3 elementor-widget elementor-widget-text-editor\" data-id=\"841b5c3\" data-element_type=\"widget\" data-e-type=\"widget\" data-widget_type=\"text-editor.default\">\n\t\t\t\t\t\t\t\t\t<p><strong>S\u00e9minaires de coh\u00e9sion d&#8217;\u00e9quipe<\/strong><br \/>Clarifier les r\u00f4les et responsabilit\u00e9s, reconstruire la confiance pour retrouver l&#8217;efficacit\u00e9.<\/p><p><strong>Team building strat\u00e9gique<\/strong><br \/>Aligner votre \u00e9quipe sur une vision commune, d\u00e9finir des objectifs partag\u00e9s et \u00e9tablir des modes de fonctionnement efficaces.<\/p><p><strong>Accompagnement prise de poste<\/strong><br \/>Pour les managers nouvellement nomm\u00e9s : \u00e9tablir rapidement votre l\u00e9gitimit\u00e9, comprendre les dynamiques en place et construire les alliances n\u00e9cessaires.<\/p><p><strong>Facilitation de conflits d&#8217;\u00e9quipe<\/strong><br \/>D\u00e9nouer les blocages relationnels qui paralysent les projets et r\u00e9tablir une collaboration productive.<\/p>\t\t\t\t\t\t\t\t<\/div>\n\t\t\t\t<\/div>\n\t\t\t\t<\/div>\n\t\t\t\t\t<\/div>\n\t\t\t\t<\/div>\n\t\t<div class=\"elementor-element elementor-element-448a2d1 e-flex e-con-boxed e-con e-parent\" data-id=\"448a2d1\" data-element_type=\"container\" data-e-type=\"container\" data-settings=\"{&quot;background_background&quot;:&quot;classic&quot;}\">\n\t\t\t\t\t<div class=\"e-con-inner\">\n\t\t<div class=\"elementor-element elementor-element-76f0945 e-con-full e-flex e-con e-child\" data-id=\"76f0945\" data-element_type=\"container\" data-e-type=\"container\">\n\t\t<div class=\"elementor-element elementor-element-00f3f7b e-con-full e-flex e-con e-child\" data-id=\"00f3f7b\" data-element_type=\"container\" data-e-type=\"container\">\n\t\t\t\t<div class=\"elementor-element elementor-element-4091fe6 elementor-widget elementor-widget-text-editor\" data-id=\"4091fe6\" data-element_type=\"widget\" data-e-type=\"widget\" data-widget_type=\"text-editor.default\">\n\t\t\t\t\t\t\t\t\t<p>&#8211;&gt; Am\u00e9lioration visible de la coop\u00e9ration<\/p>\n<p>&#8211;&gt; Acc\u00e9l\u00e9ration de la prise de d\u00e9cision collective<\/p>\n<p>&#8211;&gt; Meilleure circulation de l&#8217;information<\/p>\n<p>&#8211;&gt; Augmentation de l&#8217;engagement et de la responsabilisation<\/p>\t\t\t\t\t\t\t\t<\/div>\n\t\t\t\t<\/div>\n\t\t\t\t<\/div>\n\t\t<div class=\"elementor-element elementor-element-f060149 e-con-full e-flex e-con e-child\" data-id=\"f060149\" data-element_type=\"container\" data-e-type=\"container\">\n\t\t\t\t<div class=\"elementor-element elementor-element-af4b383 elementor-widget elementor-widget-heading\" data-id=\"af4b383\" data-element_type=\"widget\" data-e-type=\"widget\" data-widget_type=\"heading.default\">\n\t\t\t\t\t<h2 class=\"elementor-heading-title elementor-size-default\">R\u00e9sultats concrets<\/h2>\t\t\t\t<\/div>\n\t\t\t\t<\/div>\n\t\t\t\t\t<\/div>\n\t\t\t\t<\/div>\n\t\t<div class=\"elementor-element elementor-element-c0208ca e-flex e-con-boxed e-con e-parent\" data-id=\"c0208ca\" data-element_type=\"container\" data-e-type=\"container\">\n\t\t\t\t\t<div class=\"e-con-inner\">\n\t\t\t\t<div class=\"elementor-element elementor-element-9797812 elementor-widget elementor-widget-text-editor\" data-id=\"9797812\" data-element_type=\"widget\" data-e-type=\"widget\" data-widget_type=\"text-editor.default\">\n\t\t\t\t\t\t\t\t\t<p style=\"text-align: center;\"><b>FORMAT :\u3000<\/b><\/p><p style=\"text-align: center;\">S\u00e9minaires d&#8217;1 \u00e0 2 jours, accompagnement d&#8217;\u00e9quipe sur plusieurs mois, interventions cibl\u00e9es selon vos besoins<\/p>\t\t\t\t\t\t\t\t<\/div>\n\t\t\t\t\t<\/div>\n\t\t\t\t<\/div>\n\t\t\t\t<\/div>\n\t\t","protected":false},"excerpt":{"rendered":"<p>PERFORMANCE COLLECTIVE \u00ab La grandeur d\u2019un m\u00e9tier est peut-\u00eatre avant tout d\u2019unir les hommes. \u00bb\u00a0 Antoine de St Exup\u00e9ry Team Building &amp; Accompagnement d&#8217;\u00c9quipes Votre \u00e9quipe a les comp\u00e9tences, mais la coop\u00e9ration ne fonctionne pas comme elle devrait ? Les projets avancent moins vite que pr\u00e9vu \u00e0 cause de tensions ou de d\u00e9salignements ? Mes [&hellip;]<\/p>\n","protected":false},"author":1,"featured_media":0,"parent":0,"menu_order":0,"comment_status":"closed","ping_status":"closed","template":"","meta":{"footnotes":""},"class_list":["post-96","page","type-page","status-publish","hentry"],"_links":{"self":[{"href":"https:\/\/asgougeon.com\/index.php\/wp-json\/wp\/v2\/pages\/96","targetHints":{"allow":["GET"]}}],"collection":[{"href":"https:\/\/asgougeon.com\/index.php\/wp-json\/wp\/v2\/pages"}],"about":[{"href":"https:\/\/asgougeon.com\/index.php\/wp-json\/wp\/v2\/types\/page"}],"author":[{"embeddable":true,"href":"https:\/\/asgougeon.com\/index.php\/wp-json\/wp\/v2\/users\/1"}],"replies":[{"embeddable":true,"href":"https:\/\/asgougeon.com\/index.php\/wp-json\/wp\/v2\/comments?post=96"}],"version-history":[{"count":38,"href":"https:\/\/asgougeon.com\/index.php\/wp-json\/wp\/v2\/pages\/96\/revisions"}],"predecessor-version":[{"id":534,"href":"https:\/\/asgougeon.com\/index.php\/wp-json\/wp\/v2\/pages\/96\/revisions\/534"}],"wp:attachment":[{"href":"https:\/\/asgougeon.com\/index.php\/wp-json\/wp\/v2\/media?parent=96"}],"curies":[{"name":"wp","href":"https:\/\/api.w.org\/{rel}","templated":true}]}}