{"id":121,"date":"2026-02-02T15:38:47","date_gmt":"2026-02-02T15:38:47","guid":{"rendered":"https:\/\/asgougeon.com\/?page_id=121"},"modified":"2026-02-27T15:57:35","modified_gmt":"2026-02-27T15:57:35","slug":"contact-2","status":"publish","type":"page","link":"https:\/\/asgougeon.com\/index.php\/contact-2\/","title":{"rendered":"Contact"},"content":{"rendered":"\t\t<div data-elementor-type=\"wp-page\" data-elementor-id=\"121\" class=\"elementor elementor-121\" data-elementor-post-type=\"page\">\n\t\t\t\t<div class=\"elementor-element elementor-element-39fed5a e-flex e-con-boxed e-con e-parent\" data-id=\"39fed5a\" data-element_type=\"container\" data-e-type=\"container\">\n\t\t\t\t\t<div class=\"e-con-inner\">\n\t\t<div class=\"elementor-element elementor-element-936c04b e-con-full e-flex e-con e-child\" data-id=\"936c04b\" data-element_type=\"container\" data-e-type=\"container\">\n\t\t\t\t<div class=\"elementor-element elementor-element-4939923 elementor-widget elementor-widget-heading\" data-id=\"4939923\" data-element_type=\"widget\" data-e-type=\"widget\" data-widget_type=\"heading.default\">\n\t\t\t\t\t<h1 class=\"elementor-heading-title elementor-size-default\">CONTACT<\/h1>\t\t\t\t<\/div>\n\t\t\t\t<\/div>\n\t\t\t\t\t<\/div>\n\t\t\t\t<\/div>\n\t\t<div class=\"elementor-element elementor-element-14d7af5 e-flex e-con-boxed e-con e-parent\" data-id=\"14d7af5\" data-element_type=\"container\" data-e-type=\"container\" data-settings=\"{&quot;background_background&quot;:&quot;classic&quot;}\">\n\t\t\t\t\t<div class=\"e-con-inner\">\n\t\t<div class=\"elementor-element elementor-element-544b710 e-con-full e-flex e-con e-child\" data-id=\"544b710\" data-element_type=\"container\" data-e-type=\"container\">\n\t\t\t\t<div class=\"elementor-element elementor-element-eb22cde elementor-widget elementor-widget-text-editor\" data-id=\"eb22cde\" data-element_type=\"widget\" data-e-type=\"widget\" data-widget_type=\"text-editor.default\">\n\t\t\t\t\t\t\t\t\t<p>Un d\u00e9fi de leadership \u00e0 relever ? Une \u00e9quipe \u00e0 d\u00e9bloquer ? Une transformation complexe \u00e0 piloter ?<\/p>\t\t\t\t\t\t\t\t<\/div>\n\t\t\t\t<\/div>\n\t\t\t\t\t<\/div>\n\t\t\t\t<\/div>\n\t\t<div class=\"elementor-element elementor-element-448a2d1 e-flex e-con-boxed e-con e-parent\" data-id=\"448a2d1\" data-element_type=\"container\" data-e-type=\"container\" data-settings=\"{&quot;background_background&quot;:&quot;classic&quot;}\">\n\t\t\t\t\t<div class=\"e-con-inner\">\n\t\t<div class=\"elementor-element elementor-element-76f0945 e-con-full e-flex e-con e-child\" data-id=\"76f0945\" data-element_type=\"container\" data-e-type=\"container\">\n\t\t<div class=\"elementor-element elementor-element-00f3f7b e-con-full e-flex e-con e-child\" data-id=\"00f3f7b\" data-element_type=\"container\" data-e-type=\"container\">\n\t\t\t\t<div class=\"elementor-element elementor-element-4091fe6 elementor-widget elementor-widget-text-editor\" data-id=\"4091fe6\" data-element_type=\"widget\" data-e-type=\"widget\" data-widget_type=\"text-editor.default\">\n\t\t\t\t\t\t\t\t\t<p>Premier \u00e9change t\u00e9l\u00e9phonique gratuit pour analyser votre besoin et voir si mon accompagnement est adapt\u00e9.<\/p><p><strong>Email :<\/strong> <a href=\"mailto:conseil@asgougeon.com\">conseil@asgougeon.com<\/a><\/p><p><strong>Calendly :<\/strong> <a href=\"https:\/\/calendly.com\/gougeonas\/se-rencontrer\">https:\/\/calendly.com\/gougeonas\/se-rencontrer<\/a><\/p><p><strong>LinkedIn :<\/strong> <a href=\"https:\/\/linkedin.com\/in\/anne-sophie-gougeon\">linkedin.com\/in\/anne-sophie-gougeon<\/a><\/p><p><strong>T\u00e9l\u00e9phone :<\/strong> 06 88 81 24 80<\/p>\t\t\t\t\t\t\t\t<\/div>\n\t\t\t\t<\/div>\n\t\t\t\t<\/div>\n\t\t<div class=\"elementor-element elementor-element-f060149 e-con-full e-flex e-con e-child\" data-id=\"f060149\" data-element_type=\"container\" data-e-type=\"container\">\n\t\t\t\t<div class=\"elementor-element elementor-element-af4b383 elementor-widget elementor-widget-heading\" data-id=\"af4b383\" data-element_type=\"widget\" data-e-type=\"widget\" data-widget_type=\"heading.default\">\n\t\t\t\t\t<h2 class=\"elementor-heading-title elementor-size-default\">\u00c9changeons sur votre situation<\/h2>\t\t\t\t<\/div>\n\t\t\t\t<\/div>\n\t\t\t\t\t<\/div>\n\t\t\t\t<\/div>\n\t\t\t\t<\/div>\n\t\t","protected":false},"excerpt":{"rendered":"<p>CONTACT Un d\u00e9fi de leadership \u00e0 relever ? Une \u00e9quipe \u00e0 d\u00e9bloquer ? Une transformation complexe \u00e0 piloter ? Premier \u00e9change t\u00e9l\u00e9phonique gratuit pour analyser votre besoin et voir si mon accompagnement est adapt\u00e9. Email : conseil@asgougeon.com Calendly : https:\/\/calendly.com\/gougeonas\/se-rencontrer LinkedIn : linkedin.com\/in\/anne-sophie-gougeon T\u00e9l\u00e9phone : 06 88 81 24 80 \u00c9changeons sur votre situation<\/p>\n","protected":false},"author":1,"featured_media":0,"parent":0,"menu_order":0,"comment_status":"closed","ping_status":"closed","template":"","meta":{"footnotes":""},"class_list":["post-121","page","type-page","status-publish","hentry"],"_links":{"self":[{"href":"https:\/\/asgougeon.com\/index.php\/wp-json\/wp\/v2\/pages\/121","targetHints":{"allow":["GET"]}}],"collection":[{"href":"https:\/\/asgougeon.com\/index.php\/wp-json\/wp\/v2\/pages"}],"about":[{"href":"https:\/\/asgougeon.com\/index.php\/wp-json\/wp\/v2\/types\/page"}],"author":[{"embeddable":true,"href":"https:\/\/asgougeon.com\/index.php\/wp-json\/wp\/v2\/users\/1"}],"replies":[{"embeddable":true,"href":"https:\/\/asgougeon.com\/index.php\/wp-json\/wp\/v2\/comments?post=121"}],"version-history":[{"count":7,"href":"https:\/\/asgougeon.com\/index.php\/wp-json\/wp\/v2\/pages\/121\/revisions"}],"predecessor-version":[{"id":546,"href":"https:\/\/asgougeon.com\/index.php\/wp-json\/wp\/v2\/pages\/121\/revisions\/546"}],"wp:attachment":[{"href":"https:\/\/asgougeon.com\/index.php\/wp-json\/wp\/v2\/media?parent=121"}],"curies":[{"name":"wp","href":"https:\/\/api.w.org\/{rel}","templated":true}]}}